onvert 236303 (base 7) to base 11.
2a364
-409c (base 13) to base 15
-2997
-14145 (base 6) to base 14
-b4d
What is -53426 (base 10) in base 8?
-150262
-518a (base 12) to base 11
-6752
What is 136 (base 7) in base 10?
76
What is -35352 (base 6) in base 15?
-17a8
334143 (base 5) to base 7
46253
Convert -1044012 (base 5) to base 12.
-a948
What is -571 (base 8) in base 4?
-11321
Convert -100010 (base 2) to base 5.
-114
-13802 (base 11) to base 6
-230432
-15340 (base 7) to base 5
-114131
What is -15d (base 14) in base 10?
-279
Convert -13452 (base 6) to base 9.
-2815
5554 (base 9) to base 12
2457
Convert 12d (base 16) to base 5.
2201
Convert -12883 (base 16) to base 8.
-224203
-197 (base 11) to base 7
-443
What is -21224 (base 6) in base 3?
-10222021
Convert 1140444 (base 5) to base 9.
32278
What is -303143 (base 6) in base 5?
-1232124
Convert -70bd (base 14) to base 16.
-4baf
Convert -719 (base 15) to base 6.
-11223
What is 7a85 (base 11) in base 8?
24574
Convert 21852 (base 10) to base 16.
555c
-111011 (base 2) to base 4
-323
Convert -103 (base 9) to base 4.
-1110
-11041 (base 7) to base 2
-101011010101
What is -15535 (base 8) in base 10?
-7005
Convert -52033 (base 7) to base 9.
-18387
What is 65a5 (base 11) in base 10?
8706
2004 (base 7) to base 15
310
1011000 (base 2) to base 16
58
Convert 218 (base 13) to base 6.
1355
Convert -a9 (base 11) to base 2.
-1110111
11210011 (base 3) to base 4
312133
What is 14031 (base 10) in base 14?
5183
4111 (base 8) to base 11
1659
What is -4cb6 (base 14) in base 5?
-412423
-354 (base 8) to base 6
-1032
Convert 1214 (base 8) to base 11.
543
-141304 (base 5) to base 4
-1123011
What is 43401 (base 5) in base 2?
101110100000
What is 3aaa (base 13) in base 11?
6366
What is 107111 (base 8) in base 2?
1000111001001001
31310 (base 6) to base 15
13b3
344 (base 13) to base 3
202212
What is -53 (base 12) in base 10?
-63
What is 499 (base 10) in base 5?
3444
-1021221010 (base 3) to base 12
-128a0
What is 22202 (base 3) in base 6?
1032
What is 4763 (base 9) in base 15?
10b0
-11056 (base 8) to base 11
-3551
Convert -21414 (base 7) to base 2.
-1010011101000
Convert 1003 (base 4) to base 12.
57
What is -135 (base 9) in base 15?
-78
Convert -1001100010 (base 2) to base 16.
-262
What is 1a0 (base 12) in base 5?
2024
What is -8733 (base 11) in base 9?
-16732
100110011110 (base 2) to base 6
15222
What is 28b (base 14) in base 6?
2215
-42c (base 13) to base 16
-2ca
Convert -408 (base 13) to base 5.
-10214
Convert -10111010011010 (base 2) to base 11.
-8a66
-2220 (base 4) to base 11
-143
-1304 (base 6) to base 3
-110011
-1641 (base 10) to base 12
-b49
Convert 1705 (base 9) to base 15.
5bb
-13b06 (base 13) to base 3
-1212210000
What is -571 (base 10) in base 5?
-4241
What is -10221002 (base 3) in base 15?
-cae
What is 3622 (base 7) in base 10?
1339
-1101003 (base 4) to base 12
-3003
Convert -10011 (base 4) to base 10.
-261
Convert -1034 (base 7) to base 8.
-560
-1656 (base 15) to base 3
-20121000
What is 100323 (base 4) in base 5?
13313
Convert 17b (base 14) to base 15.
155
-1110001 (base 4) to base 9
-7334
What is 1720 (base 8) in base 4?
33100
-37177 (base 9) to base 11
-17810
What is -1000101100 (base 2) in base 10?
-556
What is -1802 (base 9) in base 2?
-10101100011
207 (base 11) to base 7
504
Convert -363 (base 15) to base 13.
-471
Convert -3f (base 16) to base 8.
-77
-27405 (base 8) to base 7
-50044
Convert -18243 (base 11) to base 7.
-134400
441 (base 13) to base 14
3a1
What is 57a (base 11) in base 10?
692
What is -9467 (base 14) in base 16?
-63e3
What is 658 (base 16) in base 11?
1247
What is -b0a (base 15) in base 8?
-4665
30891 (base 11) to base 14
12579
Convert -97 (base 10) to base 16.
-61
What is -7e8e (base 15) in base 12?
-136a5
What is 201222220 (base 3) in base 13?
6834
What is -115513 (base 6) in base 16?
-2865
Convert 1809 (base 11) to base 5.
33213
507 (base 9) to base 6
1524
-26162 (base 8) to base 10
-11378
650 (base 10) to base 16
28a
376 (base 10) to base 6
1424
What is 82 (base 15) in base 6?
322
Convert -3113 (base 4) to base 14.
-115
What is -33468 (base 11) in base 13?
-190aa
Convert 1102212202 (base 3) to base 8.
67267
Convert -591b (base 13) to base 10.
-12530
Convert 1312312 (base 4) to base 14.
2ab4
Convert 45d4 (base 15) to base 7.
61135
What is 2066 (base 8) in base 15?
4bd
Convert -609b (base 13) to base 5.
-411220
52552 (base 6) to base 16
1bd4
What is 111010110100 (base 2) in base 3?
12011102
-5073 (base 15) to base 10
-16983
Convert 84a5 (base 14) to base 15.
6ba6
What is 20220 (base 3) in base 2?
10111010
What is 5302 (base 7) in base 13?
b05
-b45 (base 13) to base 4
-131330
-100010100 (base 2) to base 11
-231
What is -9476 (base 10) in base 5?
-300401
-602 (base 12) to base 9
-1162
Convert -1054 (base 7) to base 8.
-576
What is c2b7 (base 13) in base 4?
12203210
Convert -1132331 (base 4) to base 2.
-1011110111101
Convert -100111010 (base 2) to base 11.
-266
Convert 111110011110 (base 2) to base 9.
5432
-61642 (base 7) to base 15
-46ed
-37a (base 11) to base 3
-121200
-6b00 (base 14) to base 6
-222112
What is -1000101101101000 (base 2) in base 4?
-20231220
-26193 (base 11) to base 10
-37491
Convert -1033 (base 7) to base 13.
-223
-1c95 (base 15) to base 2
-1100001000111
-2205 (base 7) to base 14
-405
What is 20055 (base 13) in base 15?
11e2c
What is 15836 (base 9) in base 16?
2a87
What is 343 (base 8) in base 5?
1402
Convert 10210222000 (base 3) to base 4.
102110310
16da (base 15) to base 16
1342
What is 154d9 (base 14) in base 6?
1045515
11022212 (base 3) to base 4
301103
Convert -978 (base 12) to base 14.
-712
What is -56 (base 9) in base 5?
-201
What is 2425 (base 6) in base 9?
728
Convert -2106 (base 8) to base 12.
-772
Convert -4218 (base 9) to base 13.
-1541
-10211202 (base 3) to base 14
-1041
What is 5124 (base 6) in base 16?
46c
453 (base 14) to base 9
1152
13157 (base 8) to base 3
21212201
What is -13606 (base 9) in base 16?
-2418
What is 4d (base 14) in base 5?
234
Convert -5690 (base 12) to base 15.
-2cac
What is -20560 (base 10) in base 6?
-235104
Convert 393e (base 15) to base 13.
5732
9bc (base 14) to base 3
2122111
What is 314 (base 9) in base 11?
213
What is -452 (base 6) in base 9?
-215
210a (base 15) to base 10
6985
1156 (base 16) to base 15
14ad
Convert -100100001 (base 3) to base 2.
-1101010010101
Convert 789 (base 15) to base 9.
2303
What is 23405 (base 9) in base 10?
15638
222101 (base 4) to base 16
a91
100010110 (base 2) to base 3
101022
da (base 15) to base 12
151
1100010110011 (base 2) to base 7
24302
5e7 (base 16) to base 9
2058
24605 (base 12) to base 5
3034003
What is -6811 (base 10) in base 4?
-1222123
Convert 1010100110001 (base 2) to base 16.
1531
Convert -202 (base 14) to base 7.
-1102
What is -2231 (base 7) in base 4?
-30212
What is -2b6a (base 12) in base 7?
-20635
Convert 4320 (base 5) to base 9.
720
What is 5444 (base 8) in base 11?
2163
-6a73 (base 11) to base 16
-243c
What is -13135 (base 8) in base 11?
-4335
Convert -941 (base 15) to base 11.
-1627
17480 (base 10) to base 2
100010001001000
44454 (base 6) to base 8
14122
-440 (base 10) to base 12
-308
What is 13220132 (base 4) in base 5?
2000022
Convert 28819 (base 13) to base 4.
102210220
-1232 (base 5) to base 4
-3000
What is -259 (base 11) in base 8?
-462
Convert 2110000 (base 3) to base 6.
12130
-1000122111 (base 3) to base 5
-1121110
Convert 162 (base 12) to base 9.
262
-221555 (base 7) to base 5
-2222134
Convert -ca70 (base 16) to base 8.
-145160
-205513 (base 6) to base 15
-4eb6
Convert 11454 (base 12) to base 3.
1011200201
5e2a (base 15) to base 4
10321201
-342013 (base 6) to base 13
-10242
What is 1690 (base 14) in base 12?
2412
Convert 577 (base 10) to base 6.
2401
What is -791c (base 13) in base 16?
-421d
242404 (base 5) to base 15
2a6e
5132 (base 6) to base 12
7a8
What is -4c6 (base 16) in base 11?
-a11
What is -7204 (base 8) in base 14?
-14d6
Convert -3 (base 7) to base 5.
-3
What is -25cc (base 15) in base 3?
-102001210
231131 (base 4) to base 6
21245
-417 (base 9) to base 5
-2330
6056 (base 10) to base 6
44012
Convert 4267 (base 12) to base 5.
213104
Convert -4352 (base 13) to base 8.
-22222
What is 334301 (base 5) in base 14?
444a
-d4 (base 15) to base 10
-199
What is -16602 (base 7) in b